{"id":154,"date":"2022-06-07T09:14:40","date_gmt":"2022-06-07T09:14:40","guid":{"rendered":"https:\/\/fermelaute.be\/?post_type=product&#038;p=154"},"modified":"2024-12-03T14:22:51","modified_gmt":"2024-12-03T14:22:51","slug":"carottes-de-couleurs","status":"publish","type":"product","link":"https:\/\/fermelaute.be\/index.php\/product\/carottes-de-couleurs\/","title":{"rendered":"Carottes de couleurs"},"content":{"rendered":"<p>Les carottes mixtes sont lav\u00e9es elles sont de couleurs jaune et mauve.<\/p>\n<p>Elles ont un go\u00fbt plus sucr\u00e9es que les carottes oranges.<\/p>\n<p><img loading=\"lazy\" decoding=\"async\" src=\"https:\/\/fermelaute.com\/wp-content\/uploads\/2021\/05\/img_2573-e1621243943162.jpg\" alt=\"\" width=\"118\" height=\"200\" class=\"alignnone wp-image-1995 size-full\" \/><\/p>\n","protected":false},"excerpt":{"rendered":"<p>Les carottes mixtes sont lav\u00e9es elles sont de couleurs jaune et mauve. Elles ont un go\u00fbt plus sucr\u00e9es que les carottes oranges.<\/p>\n","protected":false},"featured_media":197,"template":"","meta":{"_et_pb_use_builder":"","_et_pb_old_content":"","_et_gb_content_width":""},"product_brand":[],"product_cat":[24],"product_tag":[],"class_list":{"0":"post-154","1":"product","2":"type-product","3":"status-publish","4":"has-post-thumbnail","6":"product_cat-legumes-de-saison","8":"first","9":"instock","10":"featured","11":"taxable","12":"shipping-taxable","13":"purchasable","14":"product-type-simple"},"_links":{"self":[{"href":"https:\/\/fermelaute.be\/index.php\/wp-json\/wp\/v2\/product\/154","targetHints":{"allow":["GET"]}}],"collection":[{"href":"https:\/\/fermelaute.be\/index.php\/wp-json\/wp\/v2\/product"}],"about":[{"href":"https:\/\/fermelaute.be\/index.php\/wp-json\/wp\/v2\/types\/product"}],"wp:featuredmedia":[{"embeddable":true,"href":"https:\/\/fermelaute.be\/index.php\/wp-json\/wp\/v2\/media\/197"}],"wp:attachment":[{"href":"https:\/\/fermelaute.be\/index.php\/wp-json\/wp\/v2\/media?parent=154"}],"wp:term":[{"taxonomy":"product_brand","embeddable":true,"href":"https:\/\/fermelaute.be\/index.php\/wp-json\/wp\/v2\/product_brand?post=154"},{"taxonomy":"product_cat","embeddable":true,"href":"https:\/\/fermelaute.be\/index.php\/wp-json\/wp\/v2\/product_cat?post=154"},{"taxonomy":"product_tag","embeddable":true,"href":"https:\/\/fermelaute.be\/index.php\/wp-json\/wp\/v2\/product_tag?post=154"}],"curies":[{"name":"wp","href":"https:\/\/api.w.org\/{rel}","templated":true}]}}

<p>Les carottes mixtes sont lavées elles sont de couleurs jaune et mauve.</p>
<p>Elles ont un goût plus sucrées que les carottes oranges.</p>
<p><img loading="lazy" decoding="async" src="https://fermelaute.com/wp-content/uploads/2021/05/img_2573-e1621243943162.jpg" alt="" width="118" height="200" class="alignnone wp-image-1995 size-full" /></p>

<p>Les carottes mixtes sont lavées elles sont de couleurs jaune et mauve. Elles ont un goût plus sucrées que les carottes oranges.</p>
